+ 3*g - 72 = 0. Calculate the remainder when 58 is divided by y.
18
Suppose 0 = 4*l - 2*r - 602, 0 = -3*l - 7*r + 4*r + 456. What is the remainder when l is divided by 22?
19
Let g(l) = l**3 + 5*l**2 - 7*l + 5. Let i = 5 - 11. Calculate the remainder when 31 is divided by g(i).
9
Suppose 0 = 5*w + 5*m - 30, 4*w - 2*w - 8 = 2*m. What is the remainder when 19 is divided by w?
4
Let o(y) = y**3 - 10*y**2 + 11*y + 4. Let u be o(9). Suppose 0 = -4*h + 46 + u. What is the remainder when 31 is divided by h?
14
Suppose -7*q + 3*q = 4*a - 40, 3 = -q. Calculate the remainder when 62 is divided by a.
10
Let a(q) = q**3 + 4*q**2 - 12*q + 4. Calculate the remainder when 9 is divided by a(-6).
1
Let y = 5 + -2. Suppose 2*r + y + 3 = 4*a, r - 4*a + 11 = 0. Suppose -r*s = -4*k + 15, -5*s = -16 - 9. What is the remainder when 29 is divided by k?
9
Let s(v) = v**3 - 11*v**2 + 7*v - 15. Let c be s(10). Let y = c + 70. What is the remainder when 49 is divided by y?
24
What is the remainder when (-3 - 0)/(54/(-126)) is divided by 5?
2
Let c be (-1)/(-2*(-2)/(-12)). Calculate the remainder when 40 is divided by (-2)/(-6) - (-41)/c.
12
Let x(g) be the first derivative of g**3/3 - 2*g**2 - g - 2. What is the remainder when x(5) is divided by 3?
1
Let c be 1/2*(-2 + 12). Let w be 4/(-18) + (-137)/(-9). Suppose c*a + w - 65 = 0. What is the remainder when 18 is divided by a?
8
Suppose -2*p - 3*p = -375. Suppose y = -4*y + p. Calculate the remainder when y is divided by 6.
3
Let l = -8 + 5. Let f = -52 + 93. What is the remainder when f is divided by l + (-25)/(-1) + -1?
20
Let o be 6*(0 + 2/4). Suppose 5 = -o*s + 4*d - 8, -3*d = s - 13. What is the remainder when (2 - (-6)/2)*s is divided by 2?
1
Suppose 0 = -i + 6*i + 5. What is the remainder when 2/(-5) + 84/10 is divided by (2/4)/(i/(-6))?
2
Let n = -31 + 32. Let w(d) = -3*d + 2. What is the remainder when (-13 + 0)*-1*n is divided by w(-2)?
5
Let r(f) = f + 2. Let l be r(-2). Calculate the remainder when 31 is divided by 1 + 11 - (l + 1).
9
Let i = 15 + -12. Suppose 0 = i*h + 9, -5*t - 3*h + h = -39. Calculate the remainder when 26 is divided by t.
8
Let p = 94 + -54. Calculate the remainder when p is divided by 6.
4
What is the remainder when (200/3)/((-32)/(-48)) is divided by 27?
19
Suppose 0 = u - 3*j - 45, 5*j + 58 = -3*u + 179. Calculate the remainder when u is divided by 11.
9
Suppose 10 = -5*y, 3*y = -v + 2*y + 45. Calculate the remainder when v is divided by 12.
11
Let k = 5 - 2. Suppose -k*w + 2*w + 7 = 0. Suppose -b = -0*b - w. What is the remainder when 13 is divided by b?
6
Suppose -m - 47 = a - 5*a, -4*a + 3*m + 45 = 0. What is the remainder when a is divided by 2?
0
Suppose -4*b - 5*s + 163 = 0, -s = -5*s - 4. Suppose 0 = 4*f + 12, 0 = 5*k - f - b - 16. Suppose 0*l = 2*l - 62. Calculate the remainder when l is divided by k.
9
Let p(q) = q**2 + 6*q - 15. What is the remainder when p(-10) is divided by 9?
7
Let u(i) = -i**3 + 7*i**2 + i - 4. Calculate the remainder when 9 is divided by u(7).
0
Let l = 15 + -14. What is the remainder when 2 is divided by l?
0
Suppose 4*m + 8 = 3*h - 3, 5*m + 16 = 4*h. Suppose -16 = 3*g - 4*g. Calculate the remainder when g is divided by h.
7
Suppose -5*q + 8 = -3*b + 33, -5*b + 23 = q. Suppose 0 = -3*j - 2*k + 22, 4*j - 20 = -5*k - 0. Calculate the remainder when (4/j)/(b/75) is divided by 2.
0
Let v(q) = -2*q + 4. Let s be v(4). Let g = s - -6. What is the remainder when 16 is divided by 12 - 3 - (g - 2)?
7
Let b(v) = -8*v - 1. Suppose t + 0 = -1, -3*y = -3*t - 78. What is the remainder when y is divided by b(-1)?
4
Let g be (11/3)/(2/(-6)). Let w = 15 + g. What is the remainder when w is divided by -7 + 2 - -4 - -4?
1
Suppose 0 = -3*i - 2*i - 2*y + 91, 4*y = 2*i - 46. Let v = 13 - 6. Calculate the remainder when 2 + i - (3 + -1) is divided by v.
5
Suppose -3*u + 115 + 8 = 0. Let h(s) = s**2 + s - 1. Let x(m) = -3*m + 6. Let w(k) = h(k) - x(k). What is the remainder when u is divided by w(-7)?
13
Let z = 57 - 31. Let p = z + -10. Calculate the remainder when 30 is divided by p.
14
Suppose -2*s - 2 = 2*z - 42, -25 = -s + 4*z. Suppose -n - 4*o + 2*o + 2 = 0, o + s = 5*n. Let u = 14 + -7. Calculate the remainder when u is divided by n.
3
Let r = 54 + -3. Suppose 4*c + r = 311. What is the remainder when c is divided by 22?
21
Let y = -139 + 145. Let r(f) = -2*f - 2. Let c be r(-2). Suppose -2*x - c = -5*a + 48, -5*a + 50 = -x. What is the remainder when a is divided by y?
4
Suppose -49 = -2*u + o + 38, -3*u + 2*o + 132 = 0. Calculate the remainder when 83 is divided by u.
41
Let v be 3/9 + (-62)/(-3). Suppose -m + 0*m = -4*r - 9, -r = -m + v. Calculate the remainder when 97 is divided by m.
22
Let k = 34 - 20. Calculate the remainder when 30 is divided by k.
2
Suppose s - 7 - 15 = 0. Suppose -3*i = 4*f - 28, 2 = -2*f - 2. What is the remainder when s is divided by i?
10
Let a = 68 + 22. What is the remainder when a is divided by 31?
28
Let s(z) = 2*z + z + 7 + 3*z - 7*z. Calculate the remainder when s(-5) is divided by 5.
2
Suppose 7*z + 74 = 221. What is the remainder when 38 is divided by z?
17
Suppose -5*w + 18 = 3*r - 3, 4*w - r - 27 = 0. Let d be 3 + (-1)/(-4 - -3). Suppose -d*n + 40 = -0*n. Calculate the remainder when n is divided by w.
4
Let k be 13 - (-3 + 5 + 0). Suppose -2*r = -5*q + k, -5*q = 2*r - 1 - 18. Calculate the remainder when r is divided by 1.
0
Calculate the remainder when 132 is divided by 6/18 - 404/(-12).
30
Suppose -22*t + 25*t = 327. Calculate the remainder when t is divided by 14.
11
Suppose -57 = 4*r - 253. Suppose 0 = -0*q + 7*q - 119. What is the remainder when r is divided by q?
15
Suppose 0*l - l + 23 = 0. Let w = -165 + 177. Calculate the remainder when l is divided by w.
11
Let z(v) = 5*v**2 + 2*v + 1. Let x be z(-1). Suppose 2*c + 3*n - 29 = x, -n = -c + 9. Calculate the remainder when 35 is divided by c.
11
Let b(r) = -2*r + 13. Calculate the remainder when 62 is divided by b(0).
10
Suppose 3*n + 2*n = 340. Suppose -u = -4*l + 8*l - n, 0 = -2*u - 2*l + 136. Calculate the remainder when u is divided by 23.
22
Calculate the remainder when ((-1)/3)/((-3)/369) - 0 is divided by 22.
19
Let u be (39/(-26))/(6/(-8)). Suppose -6 = g - u*g. What is the remainder when g is divided by 2?
0
Suppose -i + 37 = 2*t, -t - 99 = 2*i - 4*i. Let f = -16 - -40. What is the remainder when i is divided by f?
23
Suppose -2*v = -5*v + 30. Let p = -14 - -23. Calculate the remainder when p is divided by -1 + 3 + v + -7.
4
Let g = 6 + -4. What is the remainder when 9 is divided by -1*3/(-2)*g?
0
Calculate the remainder when 40 is divided by -1*3 - (-104)/4.
17
Suppose -26 = -5*h - q + 41, -7 = -h + 3*q. Suppose -h - 27 = 5*l. Let m = -5 - l. What is the remainder when 8 is divided by m?
2
Let y = 19 - 7. What is the remainder when 58 is divided by y?
10
Let a(p) = 8*p + 11. What is the remainder when a(5) is divided by 13?
12
Let n = -55 + 60. Calculate the remainder when 18 is divided by n.
3
Suppose 5*g - 12 = u, 2*u = 3*u + 2*g - 16. What is the remainder when 20 is divided by u?
4
Let z = -9 - 17. Suppose 0 = 3*b - 2*k - 16, -5*k - 7 = -4*b + 2*b. Let f = b - z. Calculate the remainder when f is divided by 11.
10
Let l = 1 + 22. Calculate the remainder when l is divided by 8.
7
Let k(g) = -30*g + 40. Let b = 4 - 44. Let v(q) = -q + 1. Let l(j) = b*v(j) + k(j). What is the remainder when 18 is divided by l(1)?
8
Let s = 118 - 84. Suppose -17 = -f - 8. What is the remainder when s is divided by f?
7
Suppose 4*f + 6 - 146 = 0. Suppose 0*k = -k + 18. What is the remainder when f is divided by k?
17
Let q(n) = -n**2 + 19*n - 2. What is the remainder when q(9) is divided by 23?
19
Suppose -4*p + 3*l = -9*p + 2534, p - l - 510 = 0. Suppose -i - 155 - 51 = -2*r, i - p = -5*r. Calculate the remainder when r is divided by 26.
24
Let y(h) = 33*h**2 - 3*h - 3. Let b be y(3). Suppose -2*f - b = 3*f. What is the remainder when 20 is divided by (-6)/15 + f/(-5)?
9
Let j(s) = 2*s - 1. Calculate the remainder when j(8) is divided by 9.
6
Let p(y) = 2*y**3 - y**2 - 2*y + 1. Let t be p(2). Let d = t - 6. Suppose 0 = 2*l - d*l + 38. Calculate the remainder when l is divided by 13.
12
Suppose 6*p = -3*c + p + 25, -3*c = 2*p - 37. Calculate the remainder when c is divided by